2 + 5*r - 9. Let s be v(-7). Let i = s - h. What is the tens digit of i?
9
Suppose -f = -6*f. Let y(i) = f + 1 - 8 + 1 - 5*i. What is the units digit of y(-13)?
9
Let x(v) = v**3 - 2*v**2 + v - 2. Let b be x(3). Suppose 5603 = b*h + 1943. What is the hundreds digit of h?
3
Let m(w) = -92*w - 147*w - 249 - 51*w + 53*w - 73. What is the hundreds digit of m(-9)?
8
Suppose -97*j - 19968 = -175*j. What is the hundreds digit of j?
2
Suppose -11*n + 15*n = -332. What is the hundreds digit of n/(-3)*459/9?
4
Let p = 30946 - 20086. What is the units digit of p?
0
What is the thousands digit of 2538/188*(-596)/(-3)?
2
Let k(n) = 2*n - 4*n**2 + 7 + 3*n**2 + 0 + 0*n**2. Let j be k(4). What is the tens digit of ((-1686)/8 + j/4)/(-1)?
1
Let s(v) = -52*v**3 + 4*v**2 - 15*v - 74. What is the tens digit of s(-4)?
7
Let v(i) = i**2 + i + 1. Let o(k) = -8*k - 2*k**2 - 7 + 18*k**2 + 9*k**2. Let z(m) = o(m) + 6*v(m). What is the tens digit of z(-1)?
3
Suppose -v - 4*v - 3 = -o, 4*o - 44 = 4*v. Let y(a) = -a**2 + 13*a + 1. Let h be y(o). What is the units digit of (5/(-40) - (-57)/8) + h?
8
Let w = -202 - -283. Suppose -3*z - 25 = -19, q = -z + w. What is the tens digit of q?
8
Suppose -27*c + 35*c - 539682 = -43*c. What is the units digit of c?
2
Let c be (2*117 - 2) + (4 - 2). Let l = 322 - c. What is the units digit of l?
8
Suppose -7*a + 8 = -20. Suppose -3*b - 2*s + 515 = 0, a*s + 16 = 8*s. What is the hundreds digit of b?
1
Let j = 150 - -420. Let l = 826 - j. What is the tens digit of l?
5
Let v(d) = -12*d - 28. Let w be v(-5). Suppose -2*k - k + 26 = 5*i, 3*i = 5*k - w. Suppose 0 = -k*m + 13*m - 336. What is the units digit of m?
6
Let s(b) = -9*b + 98. Let z be s(5). Let m(a) = a**3 - 3*a**2 - 5*a - 2. Let t be m(4). Let l = z - t. What is the units digit of l?
9
Let n(o) = -o**3 + 2*o**2 + 7*o - 220. Let a(m) = 2*m**3 - 5*m**2 - 15*m + 440. Let p(x) = -3*a(x) - 7*n(x). What is the hundreds digit of p(0)?
2
Suppose 19*n - 290 = 18*n. Let b(v) = -v**3 - 11*v**2 - 2*v - 7. Let t be b(-9). Let k = t + n. What is the units digit of k?
9
Let j(g) = 2*g - 12. Let m be j(0). Let w be ((1484/m)/(-7))/((-2)/(-30)). Let a = -173 + w. What is the tens digit of a?
9
Suppose -20*d = -17*d - 6. Let b be (0 - (-3 - -3)) + 2. Suppose -d*f + 123 = -z, -b*z - 44 = -f - 5*z. What is the units digit of f?
9
Let v = -16058 - -30809. What is the hundreds digit of v?
7
Let p(w) be the first derivative of -w**4/4 + 35*w**3/3 - 13*w**2 - 72*w - 10. What is the hundreds digit of p(34)?
2
Let a(d) = -42*d + 1348. What is the tens digit of a(11)?
8
Let x be (-1)/(-3)*27/3. Let z be 11 - x - (1 - -1). Suppose 2*p = z*p - 56. What is the tens digit of p?
1
Suppose 7*i = 2*i - 3*x - 335, 0 = 2*i - x + 134. Let s = i - -72. Suppose s*o = -5*o + 60. What is the units digit of o?
6
Suppose -202*d + 178*d = -596472. What is the ten thousands digit of d?
2
What is the tens digit of 5/10 + 42736/32?
3
What is the tens digit of (-1)/((15/(970650/(-12)))/2)?
8
Let j(z) = -13 - 87*z - 32 + 14. Let a be j(-4). Suppose -c - 89 = -a. What is the hundreds digit of c?
2
Suppose 5*i = -z - 18474 + 86673, -i + z = -13641. What is the tens digit of i?
4
Suppose -6184 = -o - 4*c, 354*c + 6190 = o + 355*c. What is the thousands digit of o?
6
Let l(k) = -1727*k**3 + 10*k**2 + 11*k - 22. What is the ten thousands digit of l(-3)?
4
Suppose -2*d - 35 = -9*d. Suppose -d*g - 5 = -6*g. Suppose 0*i + 249 = g*p + 4*i, 2*p - 96 = 2*i. What is the tens digit of p?
4
Suppose 10*z - 9*j + 21333 = 13*z, -3*z = 5*j - 21353. What is the hundreds digit of z?
1
Suppose 27*d - 7648 = 13575 + 31238. What is the hundreds digit of d?
9
Suppose 2330 = -2*i - 2*k, -3*i + 14*k = 9*k + 3503. Let d = -764 - i. What is the hundreds digit of d?
4
Suppose 9*l = 7*l - 202. Let v = l - -149. Let a = -20 + v. What is the tens digit of a?
2
Let k(p) = -2*p**3 - 19*p**2 + 6*p - 21. Let w be k(-10). Let q(b) = 2*b**2 + 12*b - 58. What is the hundreds digit of q(w)?
8
Suppose 2*d = -1 - 37. Let a = -54 - d. Let b = a + 49. What is the tens digit of b?
1
Let k be 36/9 - 3/3. Let a = k - -1. Suppose 0 = -f - 4*o + 20, -3*f + a*o - 3*o = -125. What is the units digit of f?
0
Let w = 213140 - 135054. What is the thousands digit of w?
8
Suppose 28941 = 121*s - 110*s. What is the thousands digit of s?
2
Suppose -24*d + 34328 = -4*d - 590552. What is the thousands digit of d?
1
Let a be (-3)/3 + -1 + 0 + 6. Suppose -a*f + 5*y = -1270, -y = -f - 0*f + 317. What is the units digit of f?
5
Let r = 310 + 124. Let u = r - 300. What is the tens digit of u?
3
Let k = 5237 - -5789. What is the units digit of k?
6
Let i(s) = -4629*s + 5860. What is the ten thousands digit of i(-3)?
1
Suppose -a + 48 = 3*p - 3*a, 4*p + 2*a = 78. Suppose 2 = -4*u + p. Suppose -u*g = -5*i - 39, -g = -3*i + 5*i - 13. What is the units digit of g?
1
Let o(q) = 1517*q + 765. What is the hundreds digit of o(8)?
9
What is the hundreds digit of (-840)/(-126)*(-9276)/(-5)?
3
Let c(f) be the first derivative of -17 - 5*f + 119/2*f**2. What is the hundreds digit of c(1)?
1
Let c(g) = 10*g**2 - 203*g + 346. What is the hundreds digit of c(67)?
6
Let m = 42639 - 12625. What is the hundreds digit of m?
0
Let v(r) = r**3 + 7*r**2. Let l be v(-7). Suppose l*h - 32 = -4*h. Suppose h*c - 2322 = -722. What is the tens digit of c?
0
Let i = -33 - -36. Suppose -7*t = -i*t - 20. Suppose 0 = t*s - 69 - 96. What is the tens digit of s?
3
Suppose 8 = -4*i, 0 = -3*j - j - 4*i - 1748. Let n = j - -785. What is the tens digit of n?
5
Let r = -106 + 139. Suppose r = -4*d - 1223. Let w = 599 + d. What is the tens digit of w?
8
Let f = 25 + -22. Let l(c) = -329*c**2 + 3*c + 4*c**f + 326*c**2 - 5 - c. What is the tens digit of l(3)?
8
Let h be (-11 + 14)*(-13)/(-3). Suppose -80 = h*i - 14*i. Let t = i + -22. What is the tens digit of t?
5
Let x(s) = s**3 - 150*s**2 - 439*s - 717. What is the hundreds digit of x(154)?
5
Let f = 1247 + -65. Let l be (-1)/((-15)/f) + (-4)/(-20). Let o = l - 18. What is the tens digit of o?
6
Let q(j) = j**2 - 13*j + 8. Let a be q(13). Let d be (9/2)/(6/8). Suppose 2*u - 3*o = 217, d*u + o + 227 = a*u. What is the units digit of u?
6
Let q = 104029 + -62287. What is the units digit of q?
2
Suppose 0 = 43*v - 42*v - 18. Suppose 0 = -v*z + 15*z + 2073. What is the hundreds digit of z?
6
Let f be 4/10 + (-2)/(-70)*166691. Suppose -8*m = 3*m - f. What is the hundreds digit of m?
4
Suppose -r + 30 = -0*r. Suppose -2298 = -r*t + 24*t. What is the hundreds digit of t?
3
Suppose 2*s = -3*k + 83451 - 11924, -2*k - 71542 = -2*s. What is the ten thousands digit of s?
3
Suppose 34*c = 44*c - 250588 - 8902. What is the tens digit of c?
4
Let d(b) = -b**3 + 10*b**2 - 12*b + 30. Let p be d(9). What is the units digit of (3 - 29/(-3)) + (-2)/p?
2
Suppose 24*q + 31 = -41. Suppose -2*j + 10 = 0, 2*j + 0 - 2 = 4*h. What is the tens digit of (-6)/q + h*17?
3
Let w(c) = c - 18. Let l be w(4). What is the hundreds digit of (-1850)/l + 18/21?
1
Let q(i) = -493*i - 9610. What is the ten thousands digit of q(-67)?
2
Suppose -182*b = -212*b + 105630. What is the thousands digit of b?
3
Let x(v) = -v**3 + 18*v**2 - 13*v - 23. Let g be x(13). Suppose 23*r = 24*r - g. What is the units digit of r?
3
Let y = -46 - -12. Let l be y/119 + 508/14. Let w = l - -18. What is the tens digit of w?
5
Let i = 84 - 125. Let f = i - -49. Let j(b) = -b**2 + 15*b + 17. What is the tens digit of j(f)?
7
Let u(s) = s**2 + 4*s - 1. Let x be u(-4). Let y be -3*((-248)/12)/x + 2. Let d = y - -212. What is the units digit of d?
2
Let p(z) = 32*z + 288. Let k be p(-9). Suppose -2*w + 3517 = -4*v + 5*v, k = 5*v - 25. What is the tens digit of w?
5
Suppose 8*m + 4 = 10*m. Suppose -4*h + m*a + 2*a + 1996 = 0, -2*h + 5*a + 1013 = 0. What is the hundreds digit of h?
4
Let h be (-2)/(-6) + (-454)/(-6). Let s = -3199 - -3231. Let i = s + h. What is the tens digit of i?
0
Suppose 3*d = -3, 0 = 3*r + 12*d - 16*d - 1. Let g(x) = 1276*x**2 - 10*x - 9. What is the units digit of g(r)?
7
Suppose y + 5544 = 7*y. Suppose y = 15*w - 11*w. What is the hundreds digit of w?
2
What is the thousands digit of (2053425/18)/11 - (-16)/96?
0
Suppose -24 = y - 19, 3*y + 14203 = 4*n. What is the thousands digit of n?
3
Let i(b) = -b**2 - 9*b + 6. L